{"id":47,"date":"2018-08-28T08:12:35","date_gmt":"2018-08-28T08:12:35","guid":{"rendered":"https:\/\/mail.ohanasalut.com\/?page_id=47"},"modified":"2025-10-02T21:09:32","modified_gmt":"2025-10-02T21:09:32","slug":"contacte","status":"publish","type":"page","link":"https:\/\/ohanasalut.com\/index.php\/contacte\/","title":{"rendered":"Contacte"},"content":{"rendered":"\n\n\t<h4>Encantades d&#8217;atendre&#8217;t, com et podem ajudar?<\/h4>\n<p>&nbsp;<\/p>\n<blockquote><p>Tel\u00e8fon: <a href=\"tel:+34972072141\">972 07 21 41<\/a><\/p>\n<p>Whatsapp: <a href=\"https:\/\/api.whatsapp.com\/send?phone=34640929326&amp;text=Hola,%20vull%20m%C3%A9s%20informaci%C3%B3.%20Gr%C3%A0cies\">640 929 326<\/a><\/p>\n<p>Email: <a href=\"mailto:info@ohanasalut.com\">info@ohanasalut.com<\/a><\/p>\n<p>Instagram: <a href=\"https:\/\/www.instagram.com\/ohanasalut\/\">@ohanasalut<\/a><\/p>\n<p>Canal de Telegram: <a href=\"https:\/\/t.me\/HolaOhanaSalut\">Ohana News<\/a><\/p><\/blockquote>\n<h6>Pla\u00e7a de l&#8217;Assumpci\u00f3 5 i 6, 17005, Girona (Sant Narc\u00eds)<\/h6>\n\t<iframe src=\"https:\/\/www.google.com\/maps\/embed?pb=!1m18!1m12!1m3!1d2966.138941338492!2d2.8091536513593933!3d41.97582657911266!2m3!1f0!2f0!3f0!3m2!1i1024!2i768!4f13.1!3m3!1m2!1s0x12bae725be195555%3A0x92aca3a8793638!2sOhana%20Salut%20Integrativa!5e0!3m2!1sca!2ses!4v1670003670009!5m2!1sca!2ses\" width=\"100%\" height=\"450\" allowfullscreen=\"\" loading=\"lazy\" referrerpolicy=\"no-referrer-when-downgrade\"><\/iframe>\n\n","protected":false},"excerpt":{"rendered":"<p>Encantades d&#8217;atendre&#8217;t, com et podem ajudar? &nbsp; Tel\u00e8fon: 972 07 21 41 Whatsapp: 640 929 326 Email: info@ohanasalut.com Instagram: @ohanasalut Canal de Telegram: Ohana News Pla\u00e7a de l&#8217;Assumpci\u00f3 5 i 6, 17005, Girona (Sant Narc\u00eds)<\/p>\n","protected":false},"author":1,"featured_media":2400,"parent":0,"menu_order":0,"comment_status":"closed","ping_status":"closed","template":"page-templates\/template-fullwidth.php","meta":{"_mc_calendar":[],"footnotes":""},"_links":{"self":[{"href":"https:\/\/ohanasalut.com\/index.php\/wp-json\/wp\/v2\/pages\/47"}],"collection":[{"href":"https:\/\/ohanasalut.com\/index.php\/wp-json\/wp\/v2\/pages"}],"about":[{"href":"https:\/\/ohanasalut.com\/index.php\/wp-json\/wp\/v2\/types\/page"}],"author":[{"embeddable":true,"href":"https:\/\/ohanasalut.com\/index.php\/wp-json\/wp\/v2\/users\/1"}],"replies":[{"embeddable":true,"href":"https:\/\/ohanasalut.com\/index.php\/wp-json\/wp\/v2\/comments?post=47"}],"version-history":[{"count":12,"href":"https:\/\/ohanasalut.com\/index.php\/wp-json\/wp\/v2\/pages\/47\/revisions"}],"predecessor-version":[{"id":1951,"href":"https:\/\/ohanasalut.com\/index.php\/wp-json\/wp\/v2\/pages\/47\/revisions\/1951"}],"wp:featuredmedia":[{"embeddable":true,"href":"https:\/\/ohanasalut.com\/index.php\/wp-json\/wp\/v2\/media\/2400"}],"wp:attachment":[{"href":"https:\/\/ohanasalut.com\/index.php\/wp-json\/wp\/v2\/media?parent=47"}],"curies":[{"name":"wp","href":"https:\/\/api.w.org\/{rel}","templated":true}]}}